{"id":36634,"date":"2024-09-24T17:34:44","date_gmt":"2024-09-24T17:34:44","guid":{"rendered":"https:\/\/hanshin-imports.ch\/index.php\/product\/hybrid-sport-simpson-xl\/"},"modified":"2024-09-24T17:34:50","modified_gmt":"2024-09-24T17:34:50","slug":"hybrid-sport-simpson-xl","status":"publish","type":"product","link":"https:\/\/hanshin-imports.ch\/index.php\/product\/hybrid-sport-simpson-xl\/","title":{"rendered":"Hybrid Sport SIMPSON-XL"},"content":{"rendered":"<p><strong><span style=\"color: #ff6600;\">Syst&egrave;me Hans&reg; de 3&egrave;me g&eacute;n&eacute;ration de chez Simpson !<\/span><\/strong><\/p>\n<p>Il est issu d&#8217;une toute nouvelle combinaison entre un design plus pouss&eacute; et des derni&egrave;res fibres de polym&egrave;re haute technologie !<\/p>\n<p>De plus l&#8217;inserts dans le col du Hans&reg; III est con&ccedil;u pour offrir un gain de poids important et faciliter la rotation de la t&ecirc;te.<\/p>\n<p>Il offre une aisance incomparable compar&eacute; &agrave; ses pr&eacute;d&eacute;cesseurs<\/p>\n<p>De plus, la structure a &eacute;t&eacute; grandement renforc&eacute;e pour offrir le m&ecirc;me niveau de r&eacute;sistance extr&egrave;me que les pr&eacute;c&eacute;dants mod&egrave;les.<\/p>\n<p>Au final, on obtient un Hans III de 760 grammes, soit&nbsp; 250 de moins que le Hans Sport II.<\/p>\n<p><strong><span style=\"color: #ff6600;\">Avec le Hans Sport III, vous avez l&#8217;assurance de vous offrir un Hans en fibres aussi l&eacute;ger qu&#8217;un Hans en carbone.<\/span><\/strong><\/p>\n<p>&nbsp;<\/p>\n<p>Taille M : Pour les tours de cou de 35 &agrave; 45<\/p>\n<p>Taille L : Pour les tours de cou de 42 &agrave; 52<\/p>\n<p>Inclinaison 20&deg; pr&eacute;vue pour une position de conduite droite<\/p>\n<p>Sangles coulissantes d&eacute;j&agrave; mont&eacute;es<\/p>\n<p>Poids : 760 grammes<\/p>\n<p>Guide d&#8217;installation officiel du HANS&reg; : <a href=\"http:\/\/www.fiainstitute.com\/publications\/Documents\/HANS_Guide.pdf\" target=\"_blank\" rel=\"noopener\">Cliquez ici pour une version &eacute;labor&eacute;e par la FIA (en anglais)<\/a><\/p>\n","protected":false},"excerpt":{"rendered":"<p>Syst\u00e8me Hans\u00ae de 3\u00e8me g\u00e9n\u00e9ration de chez Simpson !<\/p>\n","protected":false},"featured_media":0,"comment_status":"open","ping_status":"closed","template":"","meta":{"_et_pb_use_builder":"","_et_pb_old_content":"","_et_gb_content_width":"","_monsterinsights_skip_tracking":false,"_monsterinsights_sitenote_active":false,"_monsterinsights_sitenote_note":"","_monsterinsights_sitenote_category":0},"product_brand":[],"product_cat":[5097,31,5228,5233,5381],"product_tag":[],"class_list":{"0":"post-36634","1":"product","2":"type-product","3":"status-publish","5":"product_cat-interior-sa","6":"product_cat-interior-safety","7":"product_cat-interior-safety-lotus-elise","8":"product_cat-interior-safety-lotus-exige","9":"product_cat-rrs","11":"first","12":"onbackorder","13":"taxable","14":"shipping-taxable","15":"purchasable","16":"product-type-simple"},"supplier_id":null,"supplier_sku":"","barcode":null,"atum_controlled":true,"out_stock_date":null,"out_stock_threshold":null,"inheritable":false,"inbound_stock":0,"stock_on_hold":0,"sold_today":0,"sales_last_days":0,"reserved_stock":0,"customer_returns":0,"warehouse_damage":0,"lost_in_post":0,"other_logs":0,"out_stock_days":0,"lost_sales":0,"has_location":false,"update_date":"2026-04-21T13:16:35","atum_locations":[],"atum_stock_status":"onbackorder","restock_status":false,"low_stock_amount":"","sales_update_date":"2026-04-21T13:16:35","calc_backorders":null,"jetpack_sharing_enabled":true,"_links":{"self":[{"href":"https:\/\/hanshin-imports.ch\/index.php\/wp-json\/wp\/v2\/product\/36634","targetHints":{"allow":["GET"]}}],"collection":[{"href":"https:\/\/hanshin-imports.ch\/index.php\/wp-json\/wp\/v2\/product"}],"about":[{"href":"https:\/\/hanshin-imports.ch\/index.php\/wp-json\/wp\/v2\/types\/product"}],"replies":[{"embeddable":true,"href":"https:\/\/hanshin-imports.ch\/index.php\/wp-json\/wp\/v2\/comments?post=36634"}],"wp:attachment":[{"href":"https:\/\/hanshin-imports.ch\/index.php\/wp-json\/wp\/v2\/media?parent=36634"}],"wp:term":[{"taxonomy":"product_brand","embeddable":true,"href":"https:\/\/hanshin-imports.ch\/index.php\/wp-json\/wp\/v2\/product_brand?post=36634"},{"taxonomy":"product_cat","embeddable":true,"href":"https:\/\/hanshin-imports.ch\/index.php\/wp-json\/wp\/v2\/product_cat?post=36634"},{"taxonomy":"product_tag","embeddable":true,"href":"https:\/\/hanshin-imports.ch\/index.php\/wp-json\/wp\/v2\/product_tag?post=36634"}],"curies":[{"name":"wp","href":"https:\/\/api.w.org\/{rel}","templated":true}]}}