{"id":36321,"date":"2024-09-24T17:12:50","date_gmt":"2024-09-24T17:12:50","guid":{"rendered":"https:\/\/hanshin-imports.ch\/index.php\/product\/rrs-black-10w-assistance-led-spotlight\/"},"modified":"2024-09-24T17:12:52","modified_gmt":"2024-09-24T17:12:52","slug":"rrs-black-10w-assistance-led-spotlight","status":"publish","type":"product","link":"https:\/\/hanshin-imports.ch\/index.php\/product\/rrs-black-10w-assistance-led-spotlight\/","title":{"rendered":"RRS black 10W assistance led spotlight"},"content":{"rendered":"<p><strong><span style=\"color: #ff2400;\">Special assistance 10 W LED projector.<br \/><\/span><\/strong><\/p>\n<p>Con\u00e7u et pens\u00e9 pour le sport automobile, il offre un \u00e9clairage ultra performant dans un boitier compact et r\u00e9sistant.<\/p>\n<ul>\n<li>slim design<\/li>\n<li>with adjustable bracket<\/li>\n<li>suited for outdoor use: IP65<\/li>\n<\/ul>\n<ul>\n<li>body colour: black<\/li>\n<li>electrical data:\n<ul>\n<li>power LED module: 10 W COB<\/li>\n<li>total nominal power: 10 W<\/li>\n<li>nominal voltage driver: 220-240 V~ 50 Hz<\/li>\n<li>power factor: 0.57<\/li>\n<li>energy consumption kWh\/1000 h: 10<\/li>\n<\/ul>\n<\/li>\n<li>light technical data:\n<ul>\n<li>colour: neutral white<\/li>\n<li>colour temperature: 4000 K<\/li>\n<li>beam angle: 120\u00b0<\/li>\n<li>luminous flux: 1000 lm<\/li>\n<li>colour rendering index: 80<\/li>\n<li>starting time: &lt; 0.5 s<\/li>\n<li>warm-up time (60 %): &lt; 1 s<\/li>\n<\/ul>\n<\/li>\n<li>lifespan:\n<ul>\n<li>nominal life time: 30 000 h<\/li>\n<li>number of switching cycles: 15 000<\/li>\n<\/ul>\n<\/li>\n<li>dimensions &amp; weight:\n<ul>\n<li>dimensions (W x H x D): 130 x 90 x 28 mm<\/li>\n<li>cable length: \u00b1 50 cm<\/li>\n<li>weight: 560 g<\/li>\n<\/ul>\n<\/li>\n<\/ul>\n","protected":false},"excerpt":{"rendered":"<p>Designed\u00a0for motorsport, it offers high performance lighting in a compact and resistant case.<\/p>\n","protected":false},"featured_media":36320,"comment_status":"open","ping_status":"closed","template":"","meta":{"_et_pb_use_builder":"","_et_pb_old_content":"","_et_gb_content_width":"","_monsterinsights_skip_tracking":false,"_monsterinsights_sitenote_active":false,"_monsterinsights_sitenote_note":"","_monsterinsights_sitenote_category":0},"product_brand":[],"product_cat":[5097,31,5228,5233,5381],"product_tag":[],"class_list":{"0":"post-36321","1":"product","2":"type-product","3":"status-publish","4":"has-post-thumbnail","6":"product_cat-interior-sa","7":"product_cat-interior-safety","8":"product_cat-interior-safety-lotus-elise","9":"product_cat-interior-safety-lotus-exige","10":"product_cat-rrs","12":"first","13":"onbackorder","14":"taxable","15":"shipping-taxable","16":"purchasable","17":"product-type-simple"},"supplier_id":null,"supplier_sku":"","barcode":null,"atum_controlled":true,"out_stock_date":null,"out_stock_threshold":null,"inheritable":false,"inbound_stock":0,"stock_on_hold":0,"sold_today":0,"sales_last_days":0,"reserved_stock":0,"customer_returns":0,"warehouse_damage":0,"lost_in_post":0,"other_logs":0,"out_stock_days":0,"lost_sales":0,"has_location":false,"update_date":"2026-04-21T12:57:30","atum_locations":[],"atum_stock_status":"instock","restock_status":false,"low_stock_amount":"","sales_update_date":"2026-04-21T12:57:30","calc_backorders":null,"jetpack_sharing_enabled":true,"_links":{"self":[{"href":"https:\/\/hanshin-imports.ch\/index.php\/wp-json\/wp\/v2\/product\/36321","targetHints":{"allow":["GET"]}}],"collection":[{"href":"https:\/\/hanshin-imports.ch\/index.php\/wp-json\/wp\/v2\/product"}],"about":[{"href":"https:\/\/hanshin-imports.ch\/index.php\/wp-json\/wp\/v2\/types\/product"}],"replies":[{"embeddable":true,"href":"https:\/\/hanshin-imports.ch\/index.php\/wp-json\/wp\/v2\/comments?post=36321"}],"wp:featuredmedia":[{"embeddable":true,"href":"https:\/\/hanshin-imports.ch\/index.php\/wp-json\/wp\/v2\/media\/36320"}],"wp:attachment":[{"href":"https:\/\/hanshin-imports.ch\/index.php\/wp-json\/wp\/v2\/media?parent=36321"}],"wp:term":[{"taxonomy":"product_brand","embeddable":true,"href":"https:\/\/hanshin-imports.ch\/index.php\/wp-json\/wp\/v2\/product_brand?post=36321"},{"taxonomy":"product_cat","embeddable":true,"href":"https:\/\/hanshin-imports.ch\/index.php\/wp-json\/wp\/v2\/product_cat?post=36321"},{"taxonomy":"product_tag","embeddable":true,"href":"https:\/\/hanshin-imports.ch\/index.php\/wp-json\/wp\/v2\/product_tag?post=36321"}],"curies":[{"name":"wp","href":"https:\/\/api.w.org\/{rel}","templated":true}]}}