{"id":34809,"date":"2024-09-24T15:17:08","date_gmt":"2024-09-24T15:17:08","guid":{"rendered":"https:\/\/hanshin-imports.ch\/index.php\/product\/equilibreur-de-charge-680kg\/"},"modified":"2024-09-24T15:17:10","modified_gmt":"2024-09-24T15:17:10","slug":"equilibreur-de-charge-680kg","status":"publish","type":"product","link":"https:\/\/hanshin-imports.ch\/index.php\/product\/equilibreur-de-charge-680kg\/","title":{"rendered":"\u00c9quilibreur de charge 680kg"},"content":{"rendered":"<p>\u00c9quilibreur de charge 680Kg  Permet de r\u00e9partir correctement les charges \u00e0 lever pour une plus grande s\u00e9curit\u00e9 comme le moteur d&#8217;une voiture.  Deux point d&#8217;ancrage et syst\u00e8me \u00e0 manivelle.    Con\u00e7u pour le levage des moteurs et des boites \u00e0 vitesse.    La plupart du temps il est n\u00e9cessaire de l&#8217;accrocher \u00e0 une grue d&#8217;atelier    Capacit\u00e9 de levage : 680 Kg<\/p>\n","protected":false},"excerpt":{"rendered":"<p>Pour le levage des moteurs et des boites \u00e0 vitesse.<\/p>\n","protected":false},"featured_media":34808,"comment_status":"open","ping_status":"closed","template":"","meta":{"_et_pb_use_builder":"","_et_pb_old_content":"","_et_gb_content_width":"","_monsterinsights_skip_tracking":false,"_monsterinsights_sitenote_active":false,"_monsterinsights_sitenote_note":"","_monsterinsights_sitenote_category":0},"product_brand":[],"product_cat":[5097,31,5228,5233,5381],"product_tag":[],"class_list":{"0":"post-34809","1":"product","2":"type-product","3":"status-publish","4":"has-post-thumbnail","6":"product_cat-interior-sa","7":"product_cat-interior-safety","8":"product_cat-interior-safety-lotus-elise","9":"product_cat-interior-safety-lotus-exige","10":"product_cat-rrs","12":"first","13":"onbackorder","14":"taxable","15":"shipping-taxable","16":"purchasable","17":"product-type-simple"},"supplier_id":null,"supplier_sku":"","barcode":null,"atum_controlled":true,"out_stock_date":null,"out_stock_threshold":null,"inheritable":false,"inbound_stock":null,"stock_on_hold":null,"sold_today":null,"sales_last_days":null,"reserved_stock":null,"customer_returns":null,"warehouse_damage":null,"lost_in_post":null,"other_logs":null,"out_stock_days":null,"lost_sales":null,"has_location":null,"update_date":null,"atum_locations":[],"atum_stock_status":"instock","restock_status":false,"low_stock_amount":"","sales_update_date":null,"calc_backorders":null,"jetpack_sharing_enabled":true,"_links":{"self":[{"href":"https:\/\/hanshin-imports.ch\/index.php\/wp-json\/wp\/v2\/product\/34809","targetHints":{"allow":["GET"]}}],"collection":[{"href":"https:\/\/hanshin-imports.ch\/index.php\/wp-json\/wp\/v2\/product"}],"about":[{"href":"https:\/\/hanshin-imports.ch\/index.php\/wp-json\/wp\/v2\/types\/product"}],"replies":[{"embeddable":true,"href":"https:\/\/hanshin-imports.ch\/index.php\/wp-json\/wp\/v2\/comments?post=34809"}],"wp:featuredmedia":[{"embeddable":true,"href":"https:\/\/hanshin-imports.ch\/index.php\/wp-json\/wp\/v2\/media\/34808"}],"wp:attachment":[{"href":"https:\/\/hanshin-imports.ch\/index.php\/wp-json\/wp\/v2\/media?parent=34809"}],"wp:term":[{"taxonomy":"product_brand","embeddable":true,"href":"https:\/\/hanshin-imports.ch\/index.php\/wp-json\/wp\/v2\/product_brand?post=34809"},{"taxonomy":"product_cat","embeddable":true,"href":"https:\/\/hanshin-imports.ch\/index.php\/wp-json\/wp\/v2\/product_cat?post=34809"},{"taxonomy":"product_tag","embeddable":true,"href":"https:\/\/hanshin-imports.ch\/index.php\/wp-json\/wp\/v2\/product_tag?post=34809"}],"curies":[{"name":"wp","href":"https:\/\/api.w.org\/{rel}","templated":true}]}}