{"id":34697,"date":"2024-09-24T15:14:36","date_gmt":"2024-09-24T15:14:36","guid":{"rendered":"https:\/\/hanshin-imports.ch\/index.php\/product\/gaine-extensible-tressee-bspet-auto-extinguible-a-combustion-retardee-au-metre-6-4-mm\/"},"modified":"2024-09-24T15:14:37","modified_gmt":"2024-09-24T15:14:37","slug":"gaine-extensible-tressee-bspet-auto-extinguible-a-combustion-retardee-au-metre-6-4-mm","status":"publish","type":"product","link":"https:\/\/hanshin-imports.ch\/index.php\/product\/gaine-extensible-tressee-bspet-auto-extinguible-a-combustion-retardee-au-metre-6-4-mm\/","title":{"rendered":"Gaine extensible tress\u00e9e BSPET auto extinguible \u00e0 combustion retard\u00e9e (au m\u00e8tre)-6.4 mm"},"content":{"rendered":"<p>Gaine auto extensible tress&eacute;e de type BSPET pour la protection des c&acirc;bles et des faisceaux &eacute;lectriques.<br \/>T&deg; de service : -40&deg;C &agrave; +125&deg;C.<br \/>Combustion retard&eacute;e.<br \/>Anti-UV<br \/>Vendue au m&egrave;tre.<\/p>\n","protected":false},"excerpt":{"rendered":"<p>Gaine auto extensible tress\u00e9e de type BSPET<\/p>\n","protected":false},"featured_media":0,"comment_status":"open","ping_status":"closed","template":"","meta":{"_et_pb_use_builder":"","_et_pb_old_content":"","_et_gb_content_width":"","_monsterinsights_skip_tracking":false,"_monsterinsights_sitenote_active":false,"_monsterinsights_sitenote_note":"","_monsterinsights_sitenote_category":0},"product_brand":[],"product_cat":[5097,31,5228,5233,5381],"product_tag":[],"class_list":{"0":"post-34697","1":"product","2":"type-product","3":"status-publish","5":"product_cat-interior-sa","6":"product_cat-interior-safety","7":"product_cat-interior-safety-lotus-elise","8":"product_cat-interior-safety-lotus-exige","9":"product_cat-rrs","11":"first","12":"onbackorder","13":"taxable","14":"shipping-taxable","15":"purchasable","16":"product-type-simple"},"supplier_id":null,"supplier_sku":"","barcode":null,"atum_controlled":true,"out_stock_date":null,"out_stock_threshold":null,"inheritable":false,"inbound_stock":0,"stock_on_hold":0,"sold_today":0,"sales_last_days":0,"reserved_stock":0,"customer_returns":0,"warehouse_damage":0,"lost_in_post":0,"other_logs":0,"out_stock_days":0,"lost_sales":0,"has_location":false,"update_date":"2024-12-11T08:58:43","atum_locations":[],"atum_stock_status":"instock","restock_status":false,"low_stock_amount":"","sales_update_date":"2024-12-11T08:58:43","calc_backorders":null,"jetpack_sharing_enabled":true,"_links":{"self":[{"href":"https:\/\/hanshin-imports.ch\/index.php\/wp-json\/wp\/v2\/product\/34697","targetHints":{"allow":["GET"]}}],"collection":[{"href":"https:\/\/hanshin-imports.ch\/index.php\/wp-json\/wp\/v2\/product"}],"about":[{"href":"https:\/\/hanshin-imports.ch\/index.php\/wp-json\/wp\/v2\/types\/product"}],"replies":[{"embeddable":true,"href":"https:\/\/hanshin-imports.ch\/index.php\/wp-json\/wp\/v2\/comments?post=34697"}],"wp:attachment":[{"href":"https:\/\/hanshin-imports.ch\/index.php\/wp-json\/wp\/v2\/media?parent=34697"}],"wp:term":[{"taxonomy":"product_brand","embeddable":true,"href":"https:\/\/hanshin-imports.ch\/index.php\/wp-json\/wp\/v2\/product_brand?post=34697"},{"taxonomy":"product_cat","embeddable":true,"href":"https:\/\/hanshin-imports.ch\/index.php\/wp-json\/wp\/v2\/product_cat?post=34697"},{"taxonomy":"product_tag","embeddable":true,"href":"https:\/\/hanshin-imports.ch\/index.php\/wp-json\/wp\/v2\/product_tag?post=34697"}],"curies":[{"name":"wp","href":"https:\/\/api.w.org\/{rel}","templated":true}]}}